es 23 divide 771913446?
False
Is 61381320 a multiple of 803?
True
Does 23 divide 381901084?
False
Is 277 a factor of 416165308?
False
Is 3 a factor of 82032378?
True
Does 23 divide 4095265?
True
Is 62362554 a multiple of 1237?
False
Is 1434 a factor of 169282533?
False
Is 135864864 a multiple of 621?
True
Is 9 a factor of 459657?
True
Is 135 a factor of 57971709?
False
Does 289 divide 71929788?
True
Is 4721 a factor of 85549241?
True
Is 1322 a factor of 421456348?
False
Is 3871 a factor of 526101071?
False
Is 142503984 a multiple of 6104?
True
Does 4 divide 1111301396?
True
Is 15858282 a multiple of 19?
False
Does 28 divide 21537236?
True
Is 121 a factor of 301749149?
False
Is 52793746 a multiple of 7?
False
Is 436 a factor of 177775948?
True
Is 513558383 a multiple of 169?
True
Is 43222270 a multiple of 12?
False
Is 541 a factor of 5576046966?
True
Is 1977 a factor of 719365059?
True
Is 414 a factor of 591958728?
True
Does 6 divide 184702773?
False
Is 4600500 a multiple of 30?
True
Is 4585707 even?
False
Is 13828314 a multiple of 106?
False
Is 213617838 a multiple of 1718?
True
Is 651966152 a multiple of 8?
True
Is 87256246 a multiple of 418?
True
Is 66082297 a multiple of 31?
True
Is 103122471 a multiple of 249?
False
Is 6055 a factor of 369736465?
True
Is 9 a factor of 31131225?
True
Is 13 a factor of 3107580372?
True
Is 67 a factor of 124134250?
True
Does 56 divide 74930734?
False
Is 1081 a factor of 401691745?
False
Does 10 divide 24519770?
True
Does 20 divide 180313100?
True
Does 182 divide 323980770?
False
Does 157 divide 70352956?
True
Does 17 divide 22508748?
True
Is 11779100 a multiple of 1525?
True
Does 73 divide 59601695?
False
Is 83449585 a multiple of 6285?
False
Is 76 a factor of 269795668?
True
Does 27 divide 30246263?
False
Does 88 divide 1312696621?
False
Is 208783804 a multiple of 2159?
False
Is 1660517111 a multiple of 11?
True
Is 8087220 a multiple of 537?
True
Is 1261 a factor of 75143017?
False
Is 1374 a factor of 6012403?
False
Is 2806 a factor of 2758134570?
False
Is 22 a factor of 20430209?
False
Is 412 a factor of 3150086?
False
Is 26 a factor of 1015461564?
True
Is 10 a factor of 24965189?
False
Is 321 a factor of 152129167?
False
Is 13687484 a multiple of 148?
True
Is 861 a factor of 4553829?
True
Is 16 a factor of 1223421924?
False
Does 2 divide 104631659?
False
Does 7919 divide 3890048366?
False
Is 3 a factor of 54127713?
True
Is 106 a factor of 3061849?
False
Is 130 a factor of 64778045?
False
Is 477 a factor of 3334017982?
False
Is 504 a factor of 184026024?
True
Does 1481 divide 448951320?
False
Is 801815105 a multiple of 91?
True
Is 187347169 a multiple of 999?
False
Does 2 divide 3977184?
True
Does 16 divide 155145120?
True
Is 31113261 a multiple of 37?
False
Is 24 a factor of 3698688?
True
Is 1153 a factor of 48482497?
True
Is 10 a factor of 111634340?
True
Is 1329 a factor of 419832890?
False
Is 8 a factor of 118592673?
False
Is 42584375 a multiple of 11?
False
Is 20 a factor of 12601654?
False
Does 23 divide 174916129?
False
Does 26 divide 12920586?
False
Is 23633400 a multiple of 51?
True
Is 1210 a factor of 495122320?
True
Is 31 a factor of 153928082?
True
Is 16 a factor of 523219985?
False
Is 41 a factor of 110052271?
False
Is 142 a factor of 2349302528?
True
Is 118706029 a multiple of 6204?
False
Does 9 divide 16569293?
False
Is 977 a factor of 19221432?
False
Is 903990915 a multiple of 45?
True
Is 2814 a factor of 46915008?
True
Is 180 a factor of 753766740?
True
Does 600 divide 98001000?
True
Is 208776009 a multiple of 741?
True
Is 117 a factor of 6048976?
False
Is 1579203 a multiple of 46?
False
Does 15 divide 1633925740?
False
Does 78 divide 3239652?
True
Is 502990367 a multiple of 13?
False
Is 23 a factor of 13267399?
False
Is 4 a factor of 1031612080?
True
Is 19846026 a multiple of 19?
False
Is 374046894 a multiple of 633?
False
Is 1471 a factor of 581125218?
False
Is 876 a factor of 20813760?
True
Is 58169146 a multiple of 99?
False
Does 2081 divide 544986029?
False
Does 13 divide 10636852?
False
Does 681 divide 74470024?
False
Is 14 a factor of 847268783?
False
Does 22 divide 2994419469?
False
Is 19 a factor of 209793743?
False
Does 191 divide 107112800?
True
Is 52596990 a multiple of 3?
True
Is 4 a factor of 144409946?
False
Does 680 divide 411279770?
False
Does 79 divide 16234974?
True
Does 70 divide 1228614730?
True
Is 1079939395 a multiple of 15?
False
Is 80 a factor of 3027156320?
True
Is 527492540 a multiple of 294?
False
Is 545 a factor of 749031658?
False
Is 67252607 a multiple of 7?
False
Does 952 divide 3565240?
True
Is 189 a factor of 55269457?
False
Is 976042233 a multiple of 669?
True
Is 407963545 a multiple of 113?
False
Does 85 divide 2089452507?
False
Is 166489974 a multiple of 128?
False
Is 81342393 a multiple of 10?
False
Is 34 a factor of 30307294?
True
Is 527 a factor of 6876558?
False
Is 21 a factor of 1084608?
True
Is 297647366 a multiple of 4808?
False
Does 740 divide 18929233?
False
Is 10 a factor of 39032890?
True
Does 308 divide 330552695?
False
Is 106925448 a multiple of 3352?
True
Does 8 divide 85671102?
False
Is 1691 a factor of 128505888?
False
Is 13565875 a multiple of 13?
False
Does 1063 divide 2102089941?
True
Does 38 divide 1835239450?
True
Is 1543299401 a multiple of 79?
False
Is 19098240 a multiple of 64?
True
Does 763 divide 37434341?
False
Is 103806824 a multiple of 311?
True
Is 16 a factor of 4595680?
True
Is 325 a factor of 78590050?
False
Is 231 a factor of 22303098?
False
Is 16 a factor of 51904942?
False
Does 60 divide 2975577000?
True
Does 128 divide 5685165?
False
Does 12 divide 900901044?
True
Is 98025900 a multiple of 14?
True
Is 35059606 a multiple of 2180?
False
Is 10 a factor of 82326557?
False
Does 68 divide 105435224?
True
Is 162 a factor of 5837942?
False
Is 143318128 a multiple of 133?
False
Is 38 a factor of 39621042?
True
Is 87928435 a multiple of 2161?
False
Is 38209156 a multiple of 101?
False
Is 90 a factor of 47912253?
False
Does 283 divide 14231221?
True
Is 7 a factor of 163979732?
True
Is 81816035 a multiple of 127?
False
Does 6 divide 16012662?
True
Is 30115942 a multiple of 34?
True
Does 47 divide 1946367742?
False
Does 36 divide 253153340?
False
Is 288 a factor of 25120512?
True
Does 203 divide 38825374?
True
Does 50 divide 24385150?
True
Does 2552 divide 10685224?
True
Is 6 a factor of 549223374?
True
Is 11710085 a multiple of 2?
False
Is 143074056 a multiple of 12?
True
Is 12 a factor of 42834252?
True
Does 36 divide 1138630428?
True
Does 7834 divide 355553924?
True
Is 183 a factor of 11497158?
True
Is 78634368 a multiple of 48?
True
Is 57918840 a multiple of 361?
True
Is 12405710 a multiple of 526?
True
Does 24 divide 53815656?
True
Does 11 divide 308487739?
False
Is 3039 a factor of 309230406?
True
Does 121 divide 1730023152?
True
Does 13 divide 695505023?
False
Does 134 divide 27167755?
False
Does 542 divide 86660922?
True
Is 114269585 a multiple of 19?
False
Is 1371134397 a multiple of 2855?
False
Is 351335250 a multiple of 30?
True
Is 97794694 a multiple of 2333?
True
Is 13 a factor of 8283473?
False
Is 44 a factor of 197225600?
True
Is 323 a factor of 1525777677?
False
Does 290 divide 1032246590?
True
Is 609978128 a multiple of 38?
True
Does 7 divide 160861557?
False
Is 5981226 a multiple of 7?
False
Is 30 a factor of 85335870?
True
Is 175076844 a multiple of 797?
False
Does 821 divide 95936313?
True
Is 402884033 a multiple of 2225?
False
Does 5501 divide 503684913?
False
Does 2 divide 22441840?
True
Is 65098572 a multiple of 308?
True
Is 74360880 a multiple of 3690?
True
Does 993 divide 610760536?
False
Is 7 a factor of 9466534?
True
Does 1703 divide 26200655?
True
Is 141 a factor of 109354947?
True
Does 164 divide 100709040?
False
Does 2024 divide 1386118192?
False
Is 1700 a factor of 204441671?
False
Is 684 a factor of 9793883?
False
Is 39 a factor of 56531287?
False
Is 481 a factor of 83398404?
False
Does 203 divide 138340237?
True
Does 626 divide 55669554?
True
Is 16864487 a multiple of 485?
False
Is 277059924 a multiple of 899?
False
Is 1014 a factor of 713633645?
False
Is 349 a factor of 976144973?
True
Is 103 a factor of 290421829?
False
Does 29 divide 10127844?
True
Is 1097 a factor of 62919532?
True
Does 18